*v + l. List the prime factors of v.
13
Let h(f) = 18 + 3*f - f - 1. Let z(t) = t + 9. Let c(w) = -6*h(w) + 11*z(w). List the prime factors of c(-5).
2
Suppose 0 = g - 3*g + 26. What are the prime factors of g?
13
Let r(k) = -k**3 + 7*k**2 - 2*k - 5. Let o be r(5). List the prime factors of 694/14 - (-15)/o.
2, 5
Let k(r) = r**2 + 1. Let w(x) = x**2 - 8*x - 6. Let g(s) = -2*k(s) + w(s). Let b = -27 - -21. What are the prime factors of g(b)?
2
What are the prime factors of -3 + (2 - (-1 - 48))?
2, 3
Suppose 0 = -5*s - 0*s + 20. List the prime factors of (-1 + s)/3 - -10.
11
Let c = 10 + 7. List the prime factors of c.
17
Suppose -q + 33 = 2*q. Let v = -7 + q. List the prime factors of v.
2
Let r(u) = -u + 4. Let d be r(-5). Suppose 3*a - j - 5 = -a, -4*j = -3*a + 20. Suppose a = -t - 1 + d. What are the prime factors of t?
2
Suppose 0 = -4*i + 7*i. Suppose -z - 5*v + 20 = 0, 2*z + 2*v - 7*v - 40 = i. Suppose 0*n = n - z. List the prime factors of n.
2, 5
Suppose -3*y + 49 = -t + 172, t = 4*y + 124. List the prime factors of t.
2, 3, 5
Let v(m) = -2*m + 3 - 3*m**2 + 5*m**2 + 0 - 5*m. List the prime factors of v(5).
2, 3
Let q = 4 - 6. Let g = 1 + q. Let p = g + 12. What are the prime factors of p?
11
Let a(w) be the third derivative of -w**4/6 + 5*w**3/6 - w**2. Let m be a(5). Let l = -8 - m. What are the prime factors of l?
7
Let l = -6 + 6. Suppose 0 = t - l*t - 3. Suppose k - 5 = -t*g + 2*g, -2*g = 4*k - 24. What are the prime factors of k?
7
Let d = 14 - 7. Let x be ((-14)/3)/(2/(-6)). Suppose 5*v + 2*f - x = 0, -3*v = 3*f - d - 5. What are the prime factors of v?
2
Let b(m) = m**2 - 1. Let k be b(2). Suppose k*x = -h + 4*x + 2, 0 = -h - x + 4. Suppose j - h*j + 20 = 0. List the prime factors of j.
2, 5
Let q = -15 + 9. Let a(u) = -u**3 - 6*u**2 + 6. List the prime factors of a(q).
2, 3
Let b be -1*-12*1/(-2). Let y = b + 9. Suppose -t = n + 2 - 1, -y*t + n + 17 = 0. List the prime factors of t.
2
Let n = -1 + 3. Let q(b) be the second derivative of -b**5/20 + b**4/3 - b**3/3 - b. What are the prime factors of q(n)?
2
Let y = 9 - 4. Let k be 24/14 + 5/(70/4). Suppose -2*j - k*j + 7 = y*i, 3*j - 8 = -i. List the prime factors of j.
3
Suppose 3*o = -4*w - 5, 4*o - 5*w + 3 = -14. Let q = 5 - o. What are the prime factors of q?
2
Let k be 12/42 + (-37)/7. Let y = k - -18. Suppose 0 = -5*s - y + 33. What are the prime factors of s?
2
Let w = -73 + 111. List the prime factors of w.
2, 19
Suppose 4*r + r = -4*o + 160, -2*r - 3*o + 64 = 0. List the prime factors of r.
2
Let o(r) = r**3 - 8*r**2 - 2*r + 16. Let s be o(8). List the prime factors of 0 + s + 44/1.
2, 11
Let k be 2/(-11) - (-35)/11. Suppose -52 = -k*r + 2*n, -47 = -3*r - 4*n - 7. List the prime factors of r.
2
Suppose -5*u = -5*h - 4*u + 27, -2*u = -6. List the prime factors of (h/(-12))/(1/(-48)).
2, 3
Suppose 0 = -2*u + o + 7, 0 = -u - 3*u - 2*o - 6. Let c = 3 + u. Suppose c*w = -0*p - 3*p + 24, -36 = -4*p - 4*w. What are the prime factors of p?
2, 3
Suppose 0*x + 3*x = -18. Let l(g) = 0*g + 5 + 2*g - 3*g + 0*g. List the prime factors of l(x).
11
Let n = 3 - -4. Suppose -4*z + 9 = -n. Suppose 0 = 2*h + z*y - 14, 0 = y + 2 - 4. List the prime factors of h.
3
Let y = -218 + 379. List the prime factors of y.
7, 23
Let i = -24 + 51. List the prime factors of i.
3
Let w = 76 - 42. List the prime factors of w.
2, 17
Let l(o) = -o**3 - 3*o**2 + 2*o. Let b be l(-3). Let w(p) be the third derivative of -p**4/24 - p**3/3 - 2*p**2. What are the prime factors of w(b)?
2
Let v(j) = j**2 + 3. Let f be v(0). Let y(x) = -x. Let c be y(f). What are the prime factors of 11 + (-6)/(c/(-1))?
3
Let v(k) = k**2 - k + 3. Let p = 9 + -6. Let j = p + 1. What are the prime factors of v(j)?
3, 5
Let g = 20 + -18. Let t(f) = 2 + 0*f - 3*f + f**3 + f - f**2. What are the prime factors of t(g)?
2
Suppose -2*q = -5*t - 4*q - 30, -6 = t - 4*q. Let p = t + 0. List the prime factors of (-4)/p + 184/12.
2
Let p be 2/(-7) - 2/(-7). Let c be p/5 + (3 - 0). Let u = c - -12. What are the prime factors of u?
3, 5
Suppose -3 = d - 1. List the prime factors of 24 + (-1 - 1) + d.
2, 5
Let t(l) = l**3 - 3*l**2 - 3*l + 6. Let k be t(4). Let w = k + -6. What are the prime factors of w?
2
Let o(g) = g**3 - 3*g**2 + g + 3. Let l be o(3). Let i = -4 + l. Suppose 47 = 7*j - i*j + 2*s, 2*s = 5*j - 43. List the prime factors of j.
3
Suppose 3 = -4*f + 3*a, 5*a + 4 - 14 = 5*f. Let l = -43 + 68. Suppose -l = -3*d - 0*d - 2*y, f*y + 1 = -d. List the prime factors of d.
11
Suppose 4*r + 5*p - 2*p = 11, -3*r + 9 = 3*p. Let i(c) = 3*c**2 - 2. What are the prime factors of i(r)?
2, 5
Let y = -25 - -38. Let o = -5 + y. What are the prime factors of o?
2
Let q(a) = a**2 - 5*a + 2. Let r = 2 - -3. Let p be q(r). Suppose -2*w = -3*t + 12, -p*w + 12 = 2*w. List the prime factors of t.
2, 3
Let i be -1*(-4 + (0 - -1)). Suppose -16 = -q - i*q. What are the prime factors of q?
2
List the prime factors of ((-1)/3)/(5/(-120)).
2
Let i = 66 + -171. Let g(n) = -3*n**3 + 2*n**2 - 2*n + 1. Let q be g(1). List the prime factors of i/(-25) + q/10.
2
Let g = -8 + 14. Let k(c) = 3*c - 9*c + 2 - g. List the prime factors of k(-3).
2, 7
Suppose -m - 135 = -4*m. List the prime factors of m.
3, 5
Let l(z) = -2*z + 3. Let u(m) = 4*m + 1. Let i be u(-2). What are the prime factors of l(i)?
17
Let n(a) = 10*a**2 - 10. What are the prime factors of n(6)?
2, 5, 7
Suppose 4 = -4*t + 2*t. Let a = t - -9. What are the prime factors of a?
7
Let x = -86 - -191. What are the prime factors of x?
3, 5, 7
Let k(j) = 2*j**2 - 10*j + 1. Let p be k(8). Suppose p = 2*m - m. Suppose -z + 5*g - 11 = 0, 0 = 4*z - 4*g + 13 - m. What are the prime factors of z?
2, 7
Let m be 0 + (24/(-2))/(-2). Let t be (m/4)/(9/12). Suppose f = 2*k - 13, -t*k + 4*f = -3*k - 7. What are the prime factors of k?
5
Suppose -16 = -3*r - r. Suppose -77 = -r*w - 5. List the prime factors of w.
2, 3
Let j(d) = d**2. Let m be j(-2). Let l = m + -2. List the prime factors of -3*(l + -1)*-1.
3
Suppose 0 = 4*u - 5*c - 25, -5*u + 2*c + 12 = 2. Suppose 0 = 4*b + 2*r - u*r - 52, -4*b - r + 50 = 0. List the prime factors of b.
2, 3
Suppose 2*g + 68 = 212. Suppose 0 = 6*y - 2*y - g. List the prime factors of y.
2, 3
Let s = -278 - -391. What are the prime factors of s?
113
Suppose -12*u + 658 = -5*u. List the prime factors of u.
2, 47
Suppose -2*i = f - 79, 4*i + f - 170 = 3*f. What are the prime factors of i?
41
Suppose -4*x - x = -510. List the prime factors of x.
2, 3, 17
Suppose -a - 4*a = 15. What are the prime factors of a/(-2) - (-1469)/26?
2, 29
List the prime factors of (-23)/92 - 426/(-8).
53
Let k = -7 - -12. Suppose k*p = 6 + 4. Suppose p*r = -1 + 23. What are the prime factors of r?
11
Let l(d) = 17*d + 1. What are the prime factors of l(7)?
2, 3, 5
Suppose -5*c - 10 = -6*c. Let j = 0 + c. List the prime factors of j.
2, 5
List the prime factors of -3 + (-12)/3 + 15.
2
Let j(h) = -h**2 + 8*h. Let d be j(8). Let u(w) = 12*w**2 - w + d + 1 - w. What are the prime factors of u(1)?
11
Let g(s) = 19*s + 2. Let a(l) = l**3 - l**2 + l + 2. Let r be a(0). Let t be g(r). Suppose -2*y - 2*y + t = 0. List the prime factors of y.
2, 5
List the prime factors of (0 - (-2 + 2)) + 11.
11
Let t be -4*2/(4/(-6)). Let g = 15 + -15. Suppose -5*s + 2*s + t = g. What are the prime factors of s?
2
Let n(o) be the first derivative of o**3/3 + 3*o**2 + 5*o + 2. What are the prime factors of n(-7)?
2, 3
Suppose -4*a = -3*w - a - 12, 0 = 3*w + 3*a + 36. Let g(n) = -2*n**3 - n**2 - 3*n + 1. Let x be g(2). Let r = w - x. What are the prime factors of r?
17
Suppose -o + 3*g = 16, -3*o + 3*g = -6*o. Let y = 33 - 21. What are the prime factors of (-3)/o - (-183)/y?
2
Let v(b) = -b**3 - 3*b**2 - 2*b - 3. Let r be v(-3). Suppose 5*w - r*h - 94 = 0, w - 91 = -4*w + 2*h. What are the prime factors of w?
17
Let n be (-2)/(-9) - 58/18. Let a be n*8/(-18)*3. Suppose o - 3*x - 18 = x, 0 = -5*o - a*x - 6. List the prime factors of o.
2
Let y(d) = 10*d - 7. List the prime factors of y(4).
3, 11
Let a = -11 - 15. Let x = -6 - a. List the prime factors of x.
2, 5
Let m be 29/2 - (-1)/(-2). Let a be -1 - (-5)/(1/1). Suppose 2*g = a*g - m. List the prime factors of g.
7
Let h be (-4)/(-10)*(396 - 6). What are the prime factors of (h/(-65))/((-1)/5